{"id":9399,"date":"2021-12-06T08:59:49","date_gmt":"2021-12-06T07:59:49","guid":{"rendered":"https:\/\/unsuisseamallorca.com\/?page_id=9399"},"modified":"2021-12-06T08:59:49","modified_gmt":"2021-12-06T07:59:49","slug":"le-long-de-la-baie-de-palma","status":"publish","type":"page","link":"https:\/\/unsuisseamallorca.com\/index.php\/le-long-de-la-baie-de-palma\/","title":{"rendered":"LE LONG DE LA BAIE DE PALMA"},"content":{"rendered":"\t\t<div data-elementor-type=\"wp-page\" data-elementor-id=\"9399\" class=\"elementor elementor-9399\" data-elementor-post-type=\"page\">\n\t\t\t\t\t\t<section class=\"elementor-section elementor-top-section elementor-element elementor-element-2a0acd4d elementor-section-content-middle elementor-section-boxed elementor-section-height-default elementor-section-height-default\" data-id=\"2a0acd4d\" data-element_type=\"section\">\n\t\t\t\t\t\t<div class=\"elementor-container elementor-column-gap-no\">\n\t\t\t\t\t<div class=\"elementor-column elementor-col-100 elementor-top-column elementor-element elementor-element-3e4f6ba5\" data-id=\"3e4f6ba5\" data-element_type=\"column\">\n\t\t\t<div class=\"elementor-widget-wrap elementor-element-populated\">\n\t\t\t\t\t\t<div class=\"elementor-element elementor-element-2f95244 elementor-widget elementor-widget-heading\" data-id=\"2f95244\" data-element_type=\"widget\" data-widget_type=\"heading.default\">\n\t\t\t\t<div class=\"elementor-widget-container\">\n\t\t\t\t\t<h3 class=\"elementor-heading-title elementor-size-default\">\nMarche au m\u00eame pas que le temps et \u00e0 la m\u00eame allure que lui.    Proverbe Tib\u00e9tain<\/h3>\t\t\t\t<\/div>\n\t\t\t\t<\/div>\n\t\t\t\t\t<\/div>\n\t\t<\/div>\n\t\t\t\t\t<\/div>\n\t\t<\/section>\n\t\t\t\t<section class=\"elementor-section elementor-top-section elementor-element elementor-element-43303968 elementor-section-content-middle elementor-section-boxed elementor-section-height-default elementor-section-height-default\" data-id=\"43303968\" data-element_type=\"section\" data-settings=\"{&quot;background_background&quot;:&quot;classic&quot;}\">\n\t\t\t\t\t\t<div class=\"elementor-container elementor-column-gap-default\">\n\t\t\t\t\t<div class=\"elementor-column elementor-col-100 elementor-top-column elementor-element elementor-element-4d3d6dcf\" data-id=\"4d3d6dcf\" data-element_type=\"column\">\n\t\t\t<div class=\"elementor-widget-wrap elementor-element-populated\">\n\t\t\t\t\t\t<div class=\"elementor-element elementor-element-1efefd38 elementor-widget elementor-widget-heading\" data-id=\"1efefd38\" data-element_type=\"widget\" data-widget_type=\"heading.default\">\n\t\t\t\t<div class=\"elementor-widget-container\">\n\t\t\t\t\t<h2 class=\"elementor-heading-title elementor-size-large\">Gr\u00e2ce \u00e0 son relief tourment\u00e9, la c\u00f4te entre le cap Blanc et le phare de Ses Salines fait du sud-est de Majorque l'une des r\u00e9gions les moins urbanis\u00e9es de l\u2019\u00eele. Le littoral est majoritairement ourl\u00e9 de hautes falaises inaccessibles par la mer, fouett\u00e9es continuellement par les eaux de la M\u00e9diterran\u00e9e. La c\u00f4te est d\u2019une fascinante beaut\u00e9 et les falaises laissent par endroits place \u00e0 des criques tranquilles et \u00e0 de longues \u00e9tendues de sable fin. C\u2019est ici que l\u2019on trouve certaines des plus belles plages de Majorque, enserr\u00e9es par les rochers ou dissimul\u00e9es par les pins et les broussailles de gen\u00e9vrier. Peu accessible, d\u00e9di\u00e9e \u00e0 l\u2019agriculture ou \u00e0 la sauvegarde des espaces naturels, cette partie de l\u2019\u00eele a \u00e9t\u00e9 \u00e9pargn\u00e9e par les pires exc\u00e8s du b\u00e9tonnage qui ont d\u00e9figur\u00e9 Majorque par endroits, donnant une id\u00e9e de ce \u00e0 quoi l\u2019\u00eele devait ressembler jadis. L'endroit id\u00e9al pour randonner le long des chemins de pierres et plages de sable.  d'acc\u00e8s faciles et plats.\n<\/h2>\t\t\t\t<\/div>\n\t\t\t\t<\/div>\n\t\t\t\t<div class=\"elementor-element elementor-element-21ad6f4 elementor-widget elementor-widget-heading\" data-id=\"21ad6f4\" data-element_type=\"widget\" data-widget_type=\"heading.default\">\n\t\t\t\t<div class=\"elementor-widget-container\">\n\t\t\t\t\t<h2 class=\"elementor-heading-title elementor-size-large\">Ci-dessous, cliquez sur les \u00e9tapes ou les lieux qui vous int\u00e9ressent pour plus de d\u00e9tails.<\/h2>\t\t\t\t<\/div>\n\t\t\t\t<\/div>\n\t\t\t\t\t<\/div>\n\t\t<\/div>\n\t\t\t\t\t<\/div>\n\t\t<\/section>\n\t\t\t\t<section class=\"elementor-section elementor-top-section elementor-element elementor-element-3dc54af2 elementor-section-boxed elementor-section-height-default elementor-section-height-default\" data-id=\"3dc54af2\" data-element_type=\"section\">\n\t\t\t\t\t\t<div class=\"elementor-container elementor-column-gap-default\">\n\t\t\t\t\t<div class=\"elementor-column elementor-col-100 elementor-top-column elementor-element elementor-element-4913f8d9\" data-id=\"4913f8d9\" data-element_type=\"column\">\n\t\t\t<div class=\"elementor-widget-wrap elementor-element-populated\">\n\t\t\t\t\t\t<div class=\"elementor-element elementor-element-579e47c9 elementor-widget elementor-widget-shortcode\" data-id=\"579e47c9\" data-element_type=\"widget\" data-widget_type=\"shortcode.default\">\n\t\t\t\t<div class=\"elementor-widget-container\">\n\t\t\t\t\t\t\t<div class=\"elementor-shortcode\"><div style='width: 100%;'><div style='position: relative; padding-bottom:55.18%; padding-top: 0; height: 0;'><iframe frameborder='0' width='1196' height='660' style='position:absolute; top: 0; left: 0; width: 100%; height: 100%;' data-src='https:\/\/view.genially.com\/5f43cdcab8f2da0d414eb6e6' type='text\/html' allowscriptaccess='always' allowfullscreen='true' scrolling='yes' allownetworking='all' src='data:image\/svg+xml;base64,PHN2ZyB3aWR0aD0iMSIgaGVpZ2h0PSIxIiB4bWxucz0iaHR0cDovL3d3dy53My5vcmcvMjAwMC9zdmciPjwvc3ZnPg==' class='lazyload' data-load-mode='1'><\/iframe><\/div><\/div><\/div>\n\t\t\t\t\t\t<\/div>\n\t\t\t\t<\/div>\n\t\t\t\t\t<\/div>\n\t\t<\/div>\n\t\t\t\t\t<\/div>\n\t\t<\/section>\n\t\t\t\t<\/div>\n\t\t","protected":false},"excerpt":{"rendered":"<p>Marche au m\u00eame pas que le temps et \u00e0 la m\u00eame allure que lui. Proverbe Tib\u00e9tain Gr\u00e2ce \u00e0 son relief tourment\u00e9, la c\u00f4te entre le cap Blanc et le phare de Ses Salines fait du sud-est de Majorque l&rsquo;une des r\u00e9gions les moins urbanis\u00e9es de l\u2019\u00eele. Le littoral est majoritairement ourl\u00e9 de hautes falaises inaccessibles [&hellip;]<\/p>\n","protected":false},"author":1,"featured_media":0,"parent":0,"menu_order":0,"comment_status":"closed","ping_status":"closed","template":"","meta":{"ocean_post_layout":"","ocean_both_sidebars_style":"","ocean_both_sidebars_content_width":0,"ocean_both_sidebars_sidebars_width":0,"ocean_sidebar":"0","ocean_second_sidebar":"0","ocean_disable_margins":"enable","ocean_add_body_class":"","ocean_shortcode_before_top_bar":"","ocean_shortcode_after_top_bar":"","ocean_shortcode_before_header":"","ocean_shortcode_after_header":"","ocean_has_shortcode":"","ocean_shortcode_after_title":"","ocean_shortcode_before_footer_widgets":"","ocean_shortcode_after_footer_widgets":"","ocean_shortcode_before_footer_bottom":"","ocean_shortcode_after_footer_bottom":"","ocean_display_top_bar":"default","ocean_display_header":"default","ocean_header_style":"","ocean_center_header_left_menu":"0","ocean_custom_header_template":"0","ocean_custom_logo":0,"ocean_custom_retina_logo":0,"ocean_custom_logo_max_width":0,"ocean_custom_logo_tablet_max_width":0,"ocean_custom_logo_mobile_max_width":0,"ocean_custom_logo_max_height":0,"ocean_custom_logo_tablet_max_height":0,"ocean_custom_logo_mobile_max_height":0,"ocean_header_custom_menu":"0","ocean_menu_typo_font_family":"0","ocean_menu_typo_font_subset":"","ocean_menu_typo_font_size":0,"ocean_menu_typo_font_size_tablet":0,"ocean_menu_typo_font_size_mobile":0,"ocean_menu_typo_font_size_unit":"px","ocean_menu_typo_font_weight":"","ocean_menu_typo_font_weight_tablet":"","ocean_menu_typo_font_weight_mobile":"","ocean_menu_typo_transform":"","ocean_menu_typo_transform_tablet":"","ocean_menu_typo_transform_mobile":"","ocean_menu_typo_line_height":0,"ocean_menu_typo_line_height_tablet":0,"ocean_menu_typo_line_height_mobile":0,"ocean_menu_typo_line_height_unit":"","ocean_menu_typo_spacing":0,"ocean_menu_typo_spacing_tablet":0,"ocean_menu_typo_spacing_mobile":0,"ocean_menu_typo_spacing_unit":"","ocean_menu_link_color":"","ocean_menu_link_color_hover":"","ocean_menu_link_color_active":"","ocean_menu_link_background":"","ocean_menu_link_hover_background":"","ocean_menu_link_active_background":"","ocean_menu_social_links_bg":"","ocean_menu_social_hover_links_bg":"","ocean_menu_social_links_color":"","ocean_menu_social_hover_links_color":"","ocean_disable_title":"default","ocean_disable_heading":"default","ocean_post_title":"","ocean_post_subheading":"","ocean_post_title_style":"","ocean_post_title_background_color":"","ocean_post_title_background":0,"ocean_post_title_bg_image_position":"","ocean_post_title_bg_image_attachment":"","ocean_post_title_bg_image_repeat":"","ocean_post_title_bg_image_size":"","ocean_post_title_height":0,"ocean_post_title_bg_overlay":0.5,"ocean_post_title_bg_overlay_color":"","ocean_disable_breadcrumbs":"default","ocean_breadcrumbs_color":"","ocean_breadcrumbs_separator_color":"","ocean_breadcrumbs_links_color":"","ocean_breadcrumbs_links_hover_color":"","ocean_display_footer_widgets":"default","ocean_display_footer_bottom":"default","ocean_custom_footer_template":"0","footnotes":""},"class_list":["post-9399","page","type-page","status-publish","hentry","entry"],"yoast_head":"<!-- This site is optimized with the Yoast SEO plugin v26.4 - https:\/\/yoast.com\/wordpress\/plugins\/seo\/ -->\n<title>LE LONG DE LA BAIE DE PALMA UN SUISSE A MAJORQUE<\/title>\n<meta name=\"robots\" content=\"index, follow, max-snippet:-1, max-image-preview:large, max-video-preview:-1\" \/>\n<link rel=\"canonical\" href=\"https:\/\/unsuisseamallorca.com\/index.php\/le-long-de-la-baie-de-palma\/\" \/>\n<meta property=\"og:locale\" content=\"fr_FR\" \/>\n<meta property=\"og:type\" content=\"article\" \/>\n<meta property=\"og:title\" content=\"LE LONG DE LA BAIE DE PALMA UN SUISSE A MAJORQUE\" \/>\n<meta property=\"og:description\" content=\"Marche au m\u00eame pas que le temps et \u00e0 la m\u00eame allure que lui. Proverbe Tib\u00e9tain Gr\u00e2ce \u00e0 son relief tourment\u00e9, la c\u00f4te entre le cap Blanc et le phare de Ses Salines fait du sud-est de Majorque l&rsquo;une des r\u00e9gions les moins urbanis\u00e9es de l\u2019\u00eele. Le littoral est majoritairement ourl\u00e9 de hautes falaises inaccessibles [&hellip;]\" \/>\n<meta property=\"og:url\" content=\"https:\/\/unsuisseamallorca.com\/index.php\/le-long-de-la-baie-de-palma\/\" \/>\n<meta property=\"og:site_name\" content=\"UN SUISSE A MAJORQUE\" \/>\n<meta name=\"twitter:card\" content=\"summary_large_image\" \/>\n<meta name=\"twitter:label1\" content=\"Dur\u00e9e de lecture estim\u00e9e\" \/>\n\t<meta name=\"twitter:data1\" content=\"1 minute\" \/>\n<script type=\"application\/ld+json\" class=\"yoast-schema-graph\">{\"@context\":\"https:\/\/schema.org\",\"@graph\":[{\"@type\":\"WebPage\",\"@id\":\"https:\/\/unsuisseamallorca.com\/index.php\/le-long-de-la-baie-de-palma\/\",\"url\":\"https:\/\/unsuisseamallorca.com\/index.php\/le-long-de-la-baie-de-palma\/\",\"name\":\"LE LONG DE LA BAIE DE PALMA UN SUISSE A MAJORQUE\",\"isPartOf\":{\"@id\":\"https:\/\/unsuisseamallorca.com\/#website\"},\"datePublished\":\"2021-12-06T07:59:49+00:00\",\"breadcrumb\":{\"@id\":\"https:\/\/unsuisseamallorca.com\/index.php\/le-long-de-la-baie-de-palma\/#breadcrumb\"},\"inLanguage\":\"fr-FR\",\"potentialAction\":[{\"@type\":\"ReadAction\",\"target\":[\"https:\/\/unsuisseamallorca.com\/index.php\/le-long-de-la-baie-de-palma\/\"]}]},{\"@type\":\"BreadcrumbList\",\"@id\":\"https:\/\/unsuisseamallorca.com\/index.php\/le-long-de-la-baie-de-palma\/#breadcrumb\",\"itemListElement\":[{\"@type\":\"ListItem\",\"position\":1,\"name\":\"Accueil\",\"item\":\"https:\/\/unsuisseamallorca.com\/\"},{\"@type\":\"ListItem\",\"position\":2,\"name\":\"LE LONG DE LA BAIE DE PALMA\"}]},{\"@type\":\"WebSite\",\"@id\":\"https:\/\/unsuisseamallorca.com\/#website\",\"url\":\"https:\/\/unsuisseamallorca.com\/\",\"name\":\"UN SUISSE A MAJORQUE\",\"description\":\"Le voyageur voit ce qu&#039;il voit, le touriste voit ce qu&#039;il est venu voir !\",\"potentialAction\":[{\"@type\":\"SearchAction\",\"target\":{\"@type\":\"EntryPoint\",\"urlTemplate\":\"https:\/\/unsuisseamallorca.com\/?s={search_term_string}\"},\"query-input\":{\"@type\":\"PropertyValueSpecification\",\"valueRequired\":true,\"valueName\":\"search_term_string\"}}],\"inLanguage\":\"fr-FR\"}]}<\/script>\n<!-- \/ Yoast SEO plugin. -->","yoast_head_json":{"title":"LE LONG DE LA BAIE DE PALMA UN SUISSE A MAJORQUE","robots":{"index":"index","follow":"follow","max-snippet":"max-snippet:-1","max-image-preview":"max-image-preview:large","max-video-preview":"max-video-preview:-1"},"canonical":"https:\/\/unsuisseamallorca.com\/index.php\/le-long-de-la-baie-de-palma\/","og_locale":"fr_FR","og_type":"article","og_title":"LE LONG DE LA BAIE DE PALMA UN SUISSE A MAJORQUE","og_description":"Marche au m\u00eame pas que le temps et \u00e0 la m\u00eame allure que lui. Proverbe Tib\u00e9tain Gr\u00e2ce \u00e0 son relief tourment\u00e9, la c\u00f4te entre le cap Blanc et le phare de Ses Salines fait du sud-est de Majorque l&rsquo;une des r\u00e9gions les moins urbanis\u00e9es de l\u2019\u00eele. Le littoral est majoritairement ourl\u00e9 de hautes falaises inaccessibles [&hellip;]","og_url":"https:\/\/unsuisseamallorca.com\/index.php\/le-long-de-la-baie-de-palma\/","og_site_name":"UN SUISSE A MAJORQUE","twitter_card":"summary_large_image","twitter_misc":{"Dur\u00e9e de lecture estim\u00e9e":"1 minute"},"schema":{"@context":"https:\/\/schema.org","@graph":[{"@type":"WebPage","@id":"https:\/\/unsuisseamallorca.com\/index.php\/le-long-de-la-baie-de-palma\/","url":"https:\/\/unsuisseamallorca.com\/index.php\/le-long-de-la-baie-de-palma\/","name":"LE LONG DE LA BAIE DE PALMA UN SUISSE A MAJORQUE","isPartOf":{"@id":"https:\/\/unsuisseamallorca.com\/#website"},"datePublished":"2021-12-06T07:59:49+00:00","breadcrumb":{"@id":"https:\/\/unsuisseamallorca.com\/index.php\/le-long-de-la-baie-de-palma\/#breadcrumb"},"inLanguage":"fr-FR","potentialAction":[{"@type":"ReadAction","target":["https:\/\/unsuisseamallorca.com\/index.php\/le-long-de-la-baie-de-palma\/"]}]},{"@type":"BreadcrumbList","@id":"https:\/\/unsuisseamallorca.com\/index.php\/le-long-de-la-baie-de-palma\/#breadcrumb","itemListElement":[{"@type":"ListItem","position":1,"name":"Accueil","item":"https:\/\/unsuisseamallorca.com\/"},{"@type":"ListItem","position":2,"name":"LE LONG DE LA BAIE DE PALMA"}]},{"@type":"WebSite","@id":"https:\/\/unsuisseamallorca.com\/#website","url":"https:\/\/unsuisseamallorca.com\/","name":"UN SUISSE A MAJORQUE","description":"Le voyageur voit ce qu&#039;il voit, le touriste voit ce qu&#039;il est venu voir !","potentialAction":[{"@type":"SearchAction","target":{"@type":"EntryPoint","urlTemplate":"https:\/\/unsuisseamallorca.com\/?s={search_term_string}"},"query-input":{"@type":"PropertyValueSpecification","valueRequired":true,"valueName":"search_term_string"}}],"inLanguage":"fr-FR"}]}},"_links":{"self":[{"href":"https:\/\/unsuisseamallorca.com\/index.php\/wp-json\/wp\/v2\/pages\/9399","targetHints":{"allow":["GET"]}}],"collection":[{"href":"https:\/\/unsuisseamallorca.com\/index.php\/wp-json\/wp\/v2\/pages"}],"about":[{"href":"https:\/\/unsuisseamallorca.com\/index.php\/wp-json\/wp\/v2\/types\/page"}],"author":[{"embeddable":true,"href":"https:\/\/unsuisseamallorca.com\/index.php\/wp-json\/wp\/v2\/users\/1"}],"replies":[{"embeddable":true,"href":"https:\/\/unsuisseamallorca.com\/index.php\/wp-json\/wp\/v2\/comments?post=9399"}],"version-history":[{"count":1,"href":"https:\/\/unsuisseamallorca.com\/index.php\/wp-json\/wp\/v2\/pages\/9399\/revisions"}],"predecessor-version":[{"id":9400,"href":"https:\/\/unsuisseamallorca.com\/index.php\/wp-json\/wp\/v2\/pages\/9399\/revisions\/9400"}],"wp:attachment":[{"href":"https:\/\/unsuisseamallorca.com\/index.php\/wp-json\/wp\/v2\/media?parent=9399"}],"curies":[{"name":"wp","href":"https:\/\/api.w.org\/{rel}","templated":true}]}}